 + (-10)/w composite?
False
Suppose -9*x + 4*x = 0. Suppose x*g = g + h + 120, g + 4*h + 117 = 0. Let o = 227 + g. Is o a prime number?
False
Suppose -7*b + 3*b + 22 = -3*y, -2*b + 5*y + 18 = 0. Suppose -b*p + 164 + 320 = 0. Is p a prime number?
False
Let s(d) be the second derivative of d**5/60 - 5*d**4/24 + d**3/6 + 3*d**2/2 + 8*d. Let v(b) be the first derivative of s(b). Is v(-12) a prime number?
False
Let l be 2/18 + 58780/(-90). Let s = 1240 + l. Is s a prime number?
True
Let b(p) = 2*p**3 - 3*p**2 + 3*p - 3. Suppose -4*n = -18 + 2. Is b(n) prime?
True
Let y(z) = -z**2 + 26. Let k be y(6). Is 2/k - (-100310)/175 a composite number?
True
Let f = -63 + 63. Suppose -2*z + 251 - 3168 = -5*u, -4*u + 5*z + 2337 = f. Is u prime?
False
Let j = -22096 + 38589. Is j prime?
True
Let t(r) = -2*r - 1. Let c be t(-1). Let x = -28 + c. Let v = 106 + x. Is v prime?
True
Let i(v) be the third derivative of 8*v**5/15 - v**4/3 - 3*v**3/2 - 6*v**2. Is i(-5) a prime number?
False
Suppose -5*t + 120 = -4*o - 157, -5*o + 5*t - 340 = 0. Let m = o + 152. Is m a prime number?
True
Let p = 154697 - -77870. Is p prime?
True
Suppose 48*a = 240828 + 1179924. Is a composite?
False
Suppose -2*y + 20 = -3*v, -2*v - 6 = -3*y + 14. Suppose -j = y*j - 7775. Is j composite?
True
Suppose h = -2*o + 9, -3*h = 7*o - 3*o - 19. Suppose 2*v - 126 = -o*b, -2*b - 67 = -v - 3*b. Is v a composite number?
False
Let d(i) = i**2 - 7*i + 9. Let c be d(6). Suppose x + 5*a - 2228 = 4*a, -4*a - 4438 = -2*x. Is x/c - (-4)/3 a prime number?
True
Suppose -4*u - 11 - 9 = 0, 3*w - 133 = -u. Let b = w - 27. Is b a composite number?
False
Let f = 523 + -108. Let t = f - 210. Is t composite?
True
Let s be (-13)/2 + (-11)/(-22). Let y be 3/s - 8926/(-4). Suppose 0 = -5*c + 884 + y. Is c prime?
False
Suppose -2*d - 5 + 19 = 0. Let j = 8 - d. Let f(a) = 162*a**2 - a. Is f(j) composite?
True
Is -381*(-3)/36*124 a prime number?
False
Suppose 0 = 5*i + 5*z - 36415, 5*i = 2*i - 5*z + 21857. Is i a prime number?
False
Let x(q) = -5*q - 5. Let t be x(4). Let p = 25 + t. Suppose p = -n - n + 1174. Is n a composite number?
False
Let c be 16/8 - (1 - -1). Suppose c = 4*y - 17 - 35. Suppose y = 5*d - 22. Is d prime?
True
Suppose 129640 = 5*k + 3*w, -2*w - 129665 = -5*k - 0*k. Is k a prime number?
True
Suppose 0 = -4*k + 4, 2*a - 5*k + 3*k - 13460 = 0. Is a composite?
True
Is (-13882)/(-88) + (-10)/(-8) a prime number?
False
Is (-886)/(20/(-50) + 8/(-30)) a prime number?
False
Suppose -172*d + 149*d = -760817. Is d a prime number?
False
Let z be 2 + -5 - 1*-3. Let f = z - -3. Suppose -4 = -o, -3*j - f + 88 = 4*o. Is j a composite number?
False
Let y(n) = 856*n**2 - 38*n + 27. Is y(4) a prime number?
False
Let b be 310/(-30) + (-1)/(-3). Let g = 3 - b. Let t(x) = 38*x - 15. Is t(g) a composite number?
False
Let o(c) be the third derivative of -61*c**4/3 - c**3/3 - 18*c**2. Is o(-2) composite?
True
Let f(g) = g**3 + 2*g**2 - 4*g - 1. Let l = 6 + -9. Let r be f(l). Is (9/(-3) + r)*-6 composite?
True
Let y(d) = -d**2 + 3*d + 4. Let t be y(3). Suppose 4 = 2*j, -t*z = j - 652 - 274. Suppose -8*v + 5*v = -z. Is v a composite number?
True
Suppose 0 = i + 3*i. Suppose 5*l - l - 572 = i. Is l a composite number?
True
Let j = 16713 + -8342. Is j a composite number?
True
Let u(r) = 36*r - 1. Let z(b) = -b**3 + 4*b**2 + 5*b + 5. Let y be z(6). Let g be y/(-5) + (-9)/(-15). Is u(g) a composite number?
True
Let k = 13350 - -5627. Is k composite?
True
Suppose 2*l + 142098 = -4*q, -3*l = -2*q + 138067 + 75064. Let f be (-2)/(-9) - l/45. Suppose 2*g - 1849 = -5*w, -104 = 4*w + 3*g - f. Is w prime?
False
Let p = -463 - -966. Let r = 952 - p. Is r a prime number?
True
Let a(s) = 2*s**2 - 5 + 19*s + 2 - 4. Let h be a(-17). Is (-8 + 7)*(-1 - h) composite?
True
Let g(m) = 390*m - 37. Is g(4) composite?
False
Let b(d) = -3 - 20 + 39 + d. Let o be b(-11). Suppose -g = -c + 63, 3*g = -c + 38 + o. Is c composite?
True
Let u(m) = -9*m**2 + 13*m**2 - 11 - 465*m**3 + 9. Is u(-1) a prime number?
True
Let d(n) = -2*n**3 + 18*n**2 - 87*n + 35. Is d(-22) composite?
False
Let p(n) = n**3 + 8*n**2 + 6*n - 3. Let h be p(-7). Suppose h*r - 4449 - 7 = 0. Is r a composite number?
True
Let z = 10737 + 11204. Is z a prime number?
False
Let a = 6 - 5. Let z be a/(-2) + 105/6. Suppose -z = -2*r + 5*p, -3*r - 5*p + 36 = -2*p. Is r a composite number?
False
Let c = -103 + 49. Let z be 1/1 - (21 + -1). Let y = z - c. Is y prime?
False
Suppose -4*x + 8 = -3*q, 3*x - 9 = -3*q + 18. Suppose x*z = 860 + 11325. Is z a prime number?
True
Let q = 11618 + -6489. Is q a composite number?
True
Suppose -15*j = -17*j - 4. Let m be (40/6)/(j/(-354)). Suppose -7*u + 4287 = -m. Is u a composite number?
True
Suppose h = -2*o + 7188, 476*o + 14366 = 480*o - 3*h. Is o a composite number?
False
Let w be (-44)/(-8) - (-2)/(-4). Suppose 0 = 3*m + 5*k - 4*k + 76, -w*m = -5*k + 160. Let t = m - -92. Is t a composite number?
True
Let c be -1 + 3 + -1 + 1. Suppose 335 = c*f - f. Is f composite?
True
Let v = 22778 + -12913. Is v a composite number?
True
Let h(i) = 14*i + 15. Let q be h(4). Let l = q - -183. Suppose j - l = 2*u, -j + 508 = j + 4*u. Is j composite?
True
Is (6 - 9 - 16743)*1/(-3) a prime number?
False
Suppose 0 = -c - 5*n + 117166, 3*n = -18*c + 14*c + 468749. Is c prime?
True
Let r be -1 - -55 - (-8 - -5). Suppose r = -2*j + 411. Is j composite?
True
Let k = -774 + 2029. Is k a prime number?
False
Suppose 4*q - 2*j = 5819 - 375, 0 = -q + 5*j + 1361. Is q a prime number?
True
Suppose 7*k - 2*k = 4*j - 13211, -j - k = -3296. Is j prime?
True
Suppose -71833 = 19*z - 241617. Suppose 4*f = d - 4561, -2*d + 186 = -4*f - z. Is d prime?
True
Let d(t) = 66*t**2 + 9*t - 7. Let i be d(11). Is i/12 - 2/12 prime?
True
Suppose 5*m - 9*v + 4*v - 6290 = 0, -2525 = -2*m - v. Is m composite?
True
Suppose -3*v + 2*w = -4394, 2*v - 1882 = 4*w + 1042. Suppose -v = -2*c - 5*q, q + 3719 = -c + 6*c. Is c composite?
False
Let j = -3127 - -5228. Is j composite?
True
Suppose 50*p - n = 52*p - 255602, -3*p - 4*n = -383413. Is p a prime number?
False
Suppose -4*k = 46*k - 852350. Is k composite?
False
Let m(v) = 6 + 0*v + 3*v**2 + 0 + 3*v - 11*v. Is m(-7) a composite number?
True
Let j(u) = -79*u + 1. Let v(a) = a**3 + 4*a**2 + 2*a - 1. Let l be v(-3). Let y be j(l). Let t = y - -476. Is t a composite number?
True
Let h = 47717 + -26628. Is h a composite number?
False
Suppose 0 = -3*n - 312 + 4581. Suppose -7*q + 2*q + 5*k + 7075 = 0, -3*k = -q + n. Is q prime?
False
Is (1044355/(-26))/(2 + (-20)/8) composite?
True
Suppose -12*u - 738 = -15*u. Is 3 + (u/1 - -2) a prime number?
True
Let p = 155 + 43. Let r = p - -293. Is r a composite number?
False
Let m(c) = -17*c**3 - 2*c**2 + 4*c + 4. Let t be m(5). Is 1/(t/(-537) + -4) prime?
True
Let k be (4/(-2))/((-18)/36). Suppose 0 = 3*b + 3*z - 837, -4*b - z = k*z - 1118. Suppose -3*p = -2*u - b, u + 230 = 5*p - 220. Is p a composite number?
False
Suppose -2*q - 3461 = -4*q + 3*k, -k - 5209 = -3*q. Suppose -h = -3*h + q. Is h composite?
True
Is 1*18033*(-5)/(-15) prime?
True
Let c(r) = -r + 13. Let p be c(11). Suppose a = p*v + 3*v + 1024, -3*a - v = -3152. Is a prime?
True
Let h(y) = y + 7. Let t be h(-5). Suppose 0 = t*b - 8*b + 4686. Is b a composite number?
True
Is (-7993)/6*-29 + (-8)/(-48) composite?
True
Let s(j) = -2*j**3. Let m be s(-1). Suppose -2*i + 5*w = 16, 5*i = 3*w - 0 - m. Is 102/i - (1 + -5) a prime number?
False
Let x(i) = -i**2 - 11*i - 21. Let a be x(-5). Let z(g) = 420*g - 61. Is z(a) a prime number?
True
Suppose m - 2*m + 3 = 0, 5*s - 6 = 3*m. Suppose -2*b + 5*h + 293 = -0*b, 0 = -2*b - s*h + 301. Is b a prime number?
True
Let o be 1/(-2) - (-169)/26. Is 20/15*11*o/4 a composite number?
True
Let u(a) = 12*a**2 - 21*a + 29. Is u(-10) a prime number?
True
Let s = -3862 - -5723. Is s a prime number?
True
Suppose c - 2*o + 7 = 0, 2*o + 0 - 1 = 3*c. Suppose 0 = -c*r + r + 10. Suppose 2*d - h + 404 = 4*d, -r*h - 1025 = -5*d. Is d prime?
False
Let p(y) = y**3 - 4*y + 2. Let g be p(2). Let o be (0 + g + -1)/1. Is o + -5 - 348/(-4) a composite number?
False
Suppose 2*t - 18194 = 3*q, -6*t + 2*q + 18198 = -4*t. Is t a prime number?
True
Is 83417/15 - 20/150 prime?
False
Suppose 0*r - 8 = 2*r. Let k be r/((-8)/(1 - -3)). Suppose 5*i + 5*l